n factor of 17135 and 5.
5
What is the highest common divisor of 224 and 63504?
112
Calculate the greatest common divisor of 10244 and 52.
52
Calculate the highest common divisor of 53 and 212.
53
What is the greatest common divisor of 63172 and 68?
68
Calculate the greatest common divisor of 2407 and 58.
29
Calculate the greatest common factor of 15503 and 37.
37
What is the highest common divisor of 3009 and 885?
177
What is the highest common divisor of 54 and 3294?
54
What is the greatest common divisor of 5728 and 2685?
179
Calculate the highest common factor of 10048 and 157.
157
Calculate the highest common divisor of 651 and 868.
217
Calculate the greatest common factor of 66 and 13134.
66
What is the greatest common divisor of 28 and 266?
14
Calculate the highest common divisor of 3012 and 72.
12
What is the highest common divisor of 7485 and 15?
15
What is the greatest common divisor of 672 and 119?
7
What is the greatest common divisor of 13225 and 50?
25
Calculate the highest common divisor of 513 and 38.
19
What is the greatest common divisor of 4676 and 28?
28
What is the highest common divisor of 1309 and 238?
119
Calculate the greatest common factor of 309 and 3193.
103
Calculate the highest common factor of 3864 and 28.
28
Calculate the highest common divisor of 1893 and 3.
3
Calculate the greatest common divisor of 1 and 28.
1
What is the greatest common factor of 408 and 120?
24
Calculate the greatest common divisor of 32 and 18896.
16
What is the greatest common divisor of 242 and 1089?
121
What is the highest common factor of 300 and 4380?
60
What is the highest common divisor of 637 and 13?
13
What is the highest common divisor of 38766 and 42?
42
Calculate the highest common factor of 65 and 10.
5
What is the highest common factor of 20 and 400?
20
Calculate the highest common divisor of 90 and 162.
18
What is the highest common factor of 2408 and 200?
8
Calculate the highest common factor of 210 and 1316.
14
What is the highest common factor of 108 and 384?
12
What is the highest common divisor of 1886 and 161?
23
What is the highest common factor of 28088 and 8?
8
What is the highest common divisor of 55 and 77?
11
Calculate the greatest common factor of 1617 and 44.
11
Calculate the greatest common factor of 96 and 128.
32
What is the greatest common divisor of 56 and 42?
14
Calculate the highest common divisor of 183 and 1403.
61
What is the highest common divisor of 30 and 345?
15
Calculate the greatest common divisor of 321 and 36.
3
What is the greatest common factor of 2552 and 22?
22
What is the greatest common factor of 513 and 108?
27
What is the greatest common divisor of 98 and 2989?
49
Calculate the highest common factor of 17 and 493.
17
What is the highest common factor of 512 and 80?
16
What is the greatest common factor of 399 and 42?
21
What is the greatest common divisor of 8000 and 80?
80
Calculate the highest common divisor of 30 and 190.
10
What is the highest common factor of 519 and 3?
3
Calculate the highest common divisor of 18 and 27.
9
What is the highest common divisor of 43 and 1247?
43
What is the highest common divisor of 16378 and 76?
38
Calculate the greatest common factor of 151 and 7399.
151
Calculate the greatest common factor of 11 and 33.
11
What is the greatest common factor of 2176 and 4624?
272
What is the greatest common divisor of 60 and 1990?
10
What is the highest common divisor of 16 and 180?
4
What is the highest common divisor of 195 and 525?
15
Calculate the highest common divisor of 170 and 50.
10
What is the highest common divisor of 320 and 200?
40
Calculate the greatest common divisor of 3002 and 79.
79
Calculate the highest common divisor of 12 and 606.
6
What is the highest common factor of 504 and 7392?
168
Calculate the highest common factor of 1325 and 53.
53
Calculate the highest common factor of 574 and 82.
82
Calculate the greatest common divisor of 35 and 80.
5
What is the highest common factor of 183 and 427?
61
Calculate the highest common divisor of 1372 and 2184.
28
Calculate the greatest common factor of 65 and 10.
5
Calculate the greatest common divisor of 1275 and 50.
25
Calculate the greatest common factor of 167 and 1.
1
What is the greatest common factor of 707 and 21?
7
Calculate the highest common factor of 3416 and 56.
56
Calculate the highest common divisor of 297 and 27.
27
Calculate the highest common factor of 1968 and 96.
48
What is the greatest common factor of 44 and 66?
22
What is the highest common divisor of 108 and 177?
3
What is the highest common divisor of 15 and 3915?
15
What is the greatest common factor of 91 and 559?
13
Calculate the greatest common divisor of 115 and 5359.
23
Calculate the greatest common divisor of 7645 and 220.
55
What is the greatest common divisor of 96 and 416?
32
What is the highest common factor of 63 and 14?
7
What is the greatest common divisor of 21 and 140?
7
What is the highest common divisor of 152 and 2204?
76
Calculate the highest common divisor of 11 and 407.
11
Calculate the greatest common factor of 320 and 95.
5
What is the highest common divisor of 2960 and 80?
80
Calculate the greatest common factor of 715 and 65.
65
Calculate the highest common divisor of 2758 and 42.
14
Calculate the highest common divisor of 396 and 4092.
132
Calculate the greatest common divisor of 18 and 306.
18
What is the highest common factor of 4 and 8?
4
Calculate the highest common factor of 779 and 328.
41
Calculate the greatest common factor of 455 and 26.
13
What is the highest common divisor of 297 and 54?
27
Calculate the greatest common factor of 4 and 380.
4
What is the highest common factor of 175 and 105?
35
What is the greatest common factor of 2292 and 12?
12
Calculate the greatest common factor of 13 and 11791.
13
What is the greatest common divisor of 248 and 93?
31
Calculate the greatest common factor of 27 and 3231.
9
Calculate the highest common factor of 133 and 105.
7
What is the highest common divisor of 36 and 4716?
36
What is the greatest common factor of 148 and 7030?
74
Calculate the highest common divisor of 9 and 135.
9
What is the highest common factor of 81 and 2?
1
What is the greatest common divisor of 13 and 273?
13
What is the highest common divisor of 1504 and 288?
32
What is the greatest common divisor of 75 and 330?
15
Calculate the highest common factor of 5760 and 2176.
128
What is the greatest common factor of 175 and 1525?
25
Calculate the highest common divisor of 5214 and 88.
22
Calculate the greatest common divisor of 441 and 189.
63
Calculate the highest common factor of 48 and 162.
6
Calculate the greatest common divisor of 2190 and 146.
146
What is the greatest common divisor of 135 and 81?
27
What is the highest common divisor of 78 and 24?
6
What is the highest common factor of 223 and 1784?
223
What is the greatest common factor of 13 and 247?
13
Calculate the greatest common factor of 266 and 28.
14
What is the highest common divisor of 9 and 75?
3
What is the greatest common factor of 1386 and 84?
42
Calculate the greatest common factor of 30 and 630.
30
Calculate the greatest common divisor of 702 and 54.
54
Calculate the greatest common factor of 196 and 4.
4
What is the greatest common divisor of 1752 and 18?
6
Calculate the highest common divisor of 26 and 182.
26
What is the highest common factor of 35 and 1015?
35
What is the highest common divisor of 22 and 14201?
11
Calculate the greatest common divisor of 202 and 2.
2
What is the highest common divisor of 44 and 22?
22
Calculate the greatest common divisor of 247 and 65.
13
Calculate the highest common factor of 375 and 45.
15
What is the greatest common factor of 576 and 324?
36
Calculate the greatest common divisor of 3 and 39.
3
What is the highest common divisor of 616 and 286?
22
What is the greatest common factor of 88 and 594?
22
Calculate the highest common divisor of 66 and 198.
66
Calculate the greatest common factor of 150 and 31425.
75
Calculate the greatest common divisor of 9 and 2187.
9
What is the greatest common divisor of 4 and 236?
4
What is the greatest common factor of 217 and 341?
31
Calculate the highest common divisor of 155 and 20.
5
Calculate the greatest common divisor of 1